{"id":367,"date":"2017-10-25T15:43:36","date_gmt":"2017-10-25T15:43:36","guid":{"rendered":"http:\/\/www.solteromd.com\/?page_id=367"},"modified":"2019-05-08T15:39:51","modified_gmt":"2019-05-08T15:39:51","slug":"anesthesia","status":"publish","type":"page","link":"https:\/\/www.solteromd.com\/spanish\/anesthesia\/","title":{"rendered":"Anestesia"},"content":{"rendered":"<p>[vc_row][vc_column width=\u00bb1\/3&#8243; offset=\u00bbvc_hidden-sm vc_hidden-xs\u00bb]<ul class=\"dt-sc-vertical-nav \"><li><a href=\"#one\">Anestesia<\/a><\/li><li><a href=\"#two\">On-Q Pump<\/a><\/li><\/ul>[\/vc_column][vc_column width=\u00bb2\/3&#8243;][vc_row_inner el_id=\u00bbone\u00bb][vc_column_inner][vc_column_text el_class=\u00bbinherit\u00bb css=\u00bb.vc_custom_1534259221453{margin-top: 5px !important;}\u00bb]<\/p>\n<h3><strong>Anestesia<\/strong><\/h3>\n<p>[vc_empty_space height=\u00bb5px\u00bb]<\/p>\n<p>&nbsp;<\/p>\n<p>El dolor post-operatorio luego de un aumento de senos o de una abdominoplastia (tummy tuck) es una de las preocupaciones mas frecuentes. En La Jolla Professional Surgery Center, el Dr. Soltero ha desarrollado una estrategia innovadora para aliviar las molestias asociadas con estos procedimientos.<\/p>\n<p><strong>Aunque no podamos hacer que el proceso sea completamente libre de dolor, nos esforzamos para que aquellos pacientes que se sometan a un aumento de senos o tummy tuck se sientan lo mas c\u00f3modos posibles combinando las siguientes t\u00e9cnicas:<\/strong><\/p>\n<p><strong>Marcaine<\/strong>: es un f\u00e1rmaco de acci\u00f3n prolongada que se inyecta el bolsillo que se crea para insertar el implante de senos. El \u00e1rea permanecer\u00e1 dormida entre unas 10 a 12 horas. En el caso del Tummy Tuck se inyecta sobre la fascia (tejido conectivo) con el fin de disminuir el dolor.<\/p>\n<p><strong>Robaxin<\/strong> (Methocarbanol): es un relajante muscular que ha demostrado en varias publicaciones ser muy efectivo para reducir el dolor post-operatorio de un aumento de senos debajo del musculo. Este medicamento se toma por boca cada 6 horas por un periodo de 5 d\u00edas comenzando el d\u00eda despu\u00e9s de la cirug\u00eda.<\/p>\n<p><strong>Narc\u00f3ticos<\/strong> (calmantes para el dolor): Si el paciente todav\u00eda siente molestias, le ser\u00e1n recetados medicamentos (por ejemplo: Vicodin, Darvocet, Percocet) para aliviar cualquier dolor irruptivo.<\/p>\n<p>En La Jolla Professional Plastic Surgery, el Dr. Soltero practica un numero significativo de aumentos de senos y abdominoplastias cada mes. Dada la experiencia, el Dr. Soltero ha encontrado que la combinaci\u00f3n de estas cuatro modalidades ayuda a eliminar el miedo a estos procedimientos haciendo que la recuperaci\u00f3n post-operatoria sea casi libre de dolor.<\/p>\n<p>Con este enfoque innovador no tendr\u00e1 que preocuparse por periodos de recuperaci\u00f3n prolongados y podr\u00e1 retomar r\u00e1pidamente su rutina normal.[\/vc_column_text][vc_empty_space height=\u00bb48px\u00bb][\/vc_column_inner][\/vc_row_inner][vc_row_inner el_id=\u00bbtwo\u00bb css=\u00bb.vc_custom_1462774436952{margin-top: 60px !important;}\u00bb][vc_column_inner width=\u00bb1\/2&#8243;][vc_single_image image=\u00bb547&#8243; img_size=\u00bbfull\u00bb css_animation=\u00bbfadeIn\u00bb][\/vc_column_inner][vc_column_inner width=\u00bb1\/2&#8243;][vc_column_text]<strong><u>On-Q Pump<\/u><\/strong><\/p>\n<p>Esta bomba es colocada por el Dr. Soltero en la zona operada y proporciona un alivio continuo del dolor durante los primeros d\u00edas, que son los mas importantes. El On-Q Pump es un globo peque\u00f1o de alta tecnolog\u00eda que se infla con anestesia local (calmantes para el dolor) y mediante un cable especialmente dise\u00f1ado la distribuye, de forma constante y gradual, en el lugar de la incisi\u00f3n quir\u00fargica. On-Q trabaja autom\u00e1ticamente y mantiene la zona operada adormecida durante tres o cinco d\u00edas despu\u00e9s de la cirug\u00eda.[\/vc_column_text][\/vc_column_inner][\/vc_row_inner][vc_empty_space height=\u00bb48px\u00bb][\/vc_column][\/vc_row][vc_row][vc_column offset=\u00bbvc_hidden-sm vc_hidden-xs\u00bb][vc_single_image image=\u00bb1551&#8243; img_size=\u00bb309&#215;118&#8243; onclick=\u00bbcustom_link\u00bb css_animation=\u00bbfadeInRight\u00bb link=\u00bbhttps:\/\/www.solteromd.com\/spanish\/contact\/\u00bb el_id=\u00bbfixed-bottom\u00bb][vc_empty_space height=\u00bb150px\u00bb][\/vc_column][\/vc_row][vc_row][vc_column offset=\u00bbvc_hidden-lg vc_hidden-md\u00bb][vc_single_image image=\u00bb1553&#8243; img_size=\u00bb155&#215;59&#8243; onclick=\u00bbcustom_link\u00bb css_animation=\u00bbfadeInRight\u00bb link=\u00bbhttps:\/\/www.solteromd.com\/contact\/\u00bb el_id=\u00bbfixed-bottom2&#8243;][\/vc_column][\/vc_row]<\/p>\n","protected":false},"excerpt":{"rendered":"<p>[vc_row][vc_column width=\u00bb1\/3&#8243; offset=\u00bbvc_hidden-sm vc_hidden-xs\u00bb][\/vc_column][vc_column width=\u00bb2\/3&#8243;][vc_row_inner el_id=\u00bbone\u00bb][vc_column_inner][vc_column_text el_class=\u00bbinherit\u00bb css=\u00bb.vc_custom_1534259221453{margin-top: 5px !important;}\u00bb] Anestesia [vc_empty_space height=\u00bb5px\u00bb] &nbsp; El dolor post-operatorio luego de un aumento de senos o de una abdominoplastia (tummy tuck) es una de las preocupaciones mas frecuentes. En La Jolla Professional Surgery Center, el Dr. Soltero ha desarrollado una estrategia innovadora para aliviar las molestias asociadas [&hellip;]<\/p>\n","protected":false},"author":1,"featured_media":0,"parent":0,"menu_order":0,"comment_status":"closed","ping_status":"closed","template":"","meta":[],"_links":{"self":[{"href":"https:\/\/www.solteromd.com\/spanish\/wp-json\/wp\/v2\/pages\/367"}],"collection":[{"href":"https:\/\/www.solteromd.com\/spanish\/wp-json\/wp\/v2\/pages"}],"about":[{"href":"https:\/\/www.solteromd.com\/spanish\/wp-json\/wp\/v2\/types\/page"}],"author":[{"embeddable":true,"href":"https:\/\/www.solteromd.com\/spanish\/wp-json\/wp\/v2\/users\/1"}],"replies":[{"embeddable":true,"href":"https:\/\/www.solteromd.com\/spanish\/wp-json\/wp\/v2\/comments?post=367"}],"version-history":[{"count":12,"href":"https:\/\/www.solteromd.com\/spanish\/wp-json\/wp\/v2\/pages\/367\/revisions"}],"predecessor-version":[{"id":1557,"href":"https:\/\/www.solteromd.com\/spanish\/wp-json\/wp\/v2\/pages\/367\/revisions\/1557"}],"wp:attachment":[{"href":"https:\/\/www.solteromd.com\/spanish\/wp-json\/wp\/v2\/media?parent=367"}],"curies":[{"name":"wp","href":"https:\/\/api.w.org\/{rel}","templated":true}]}}