{"id":360,"date":"2017-10-25T15:21:02","date_gmt":"2017-10-25T15:21:02","guid":{"rendered":"http:\/\/www.solteromd.com\/?page_id=360"},"modified":"2019-06-14T15:01:26","modified_gmt":"2019-06-14T15:01:26","slug":"botox_and_fillers","status":"publish","type":"page","link":"https:\/\/www.solteromd.com\/spanish\/botox_and_fillers\/","title":{"rendered":"Botox y Rellenos"},"content":{"rendered":"<p>[vc_row][vc_column width=\u00bb1\/3&#8243; offset=\u00bbvc_hidden-sm vc_hidden-xs\u00bb]<ul class=\"dt-sc-vertical-nav \"><li><a href=\"#one\">Botox y Rellenos<\/a><\/li><li><a href=\"#two\">Botox<\/a><\/li><li><a href=\"#three\">Juv\u00e9derm<\/a><\/li><\/ul>[\/vc_column][vc_column width=\u00bb2\/3&#8243;][vc_row_inner el_id=\u00bbone\u00bb][vc_column_inner][vc_column_text el_class=\u00bbinherit\u00bb css=\u00bb.vc_custom_1534260704654{margin-top: 5px !important;}\u00bb]<\/p>\n<h3><strong>Botox y Rellenos<\/strong><\/h3>\n<p>[vc_empty_space height=\u00bb5px\u00bb]<\/p>\n<p>La p\u00e9rdida de col\u00e1geno y elastina forma parte del proceso natural del envejecimiento, pero hay una serie de factores que contribuyen a su disminuci\u00f3n: el estr\u00e9s, la exposici\u00f3n solar y la poluci\u00f3n son algunos de ellos. El col\u00e1geno junto con la elastina son los encargados de darle flexibilidad y firmeza a su piel; la p\u00e9rdida ambas hacen que la dermis se debilite, pierda tensi\u00f3n y aparezcan arrugas. Sin embargo, las nuevas t\u00e9cnicas en cuidado de la piel y cirug\u00eda pl\u00e1stica pueden paliar los efectos del envejecimiento y las arrugas.<\/p>\n<p>Junto con el Dr. Soltero puede elegir el tratamiento mas adecuado para verse mas joven y atractiva.<\/p>\n<p>Todos los tratamientos nombrados mas abajo est\u00e1n destinados a mejorar la apariencia de su piel.[\/vc_column_text][vc_gallery type=\u00bbimage_grid\u00bb images=\u00bb398,400,401&#8243; img_size=\u00bbmedium\u00bb onclick=\u00bb\u00bb css_animation=\u00bbfadeInUp\u00bb][vc_empty_space height=\u00bb48px\u00bb][\/vc_column_inner][\/vc_row_inner][vc_row_inner el_id=\u00bbtwo\u00bb css=\u00bb.vc_custom_1462774436952{margin-top: 60px !important;}\u00bb][vc_column_inner][vc_column_text el_class=\u00bbinherit\u00bb]<\/p>\n<h3><strong>Botox<\/strong><\/h3>\n<p>El Botox Cosmetic se utiliza para contrarrestar las arrugas y se trata de una forma purificada de Toxina Botul\u00ednica Tipo A, es decir sin riesgo de botulismo cuando es usada correctamente. Esta toxina bloquea el impulso nervioso encargado de la contracci\u00f3n de los m\u00fasculos faciales atenuando las arrugas. Este tratamiento es simple y sirve para atenuar las arrugas de expresi\u00f3n persistentes y profundas que se forman en el entrecejo con el paso tiempo. El efecto dura entre 4 y 6 meses.<\/p>\n<p>El Dr. Soltero se enorgullece de ser miembro del Programa Premier de Botox Brilliant Distinctions que les permite a los pacientes sumar puntos con el Dr. Soltero ahorrando as\u00ed, para futuros tratamientos de Botox. Reg\u00edstrese hoy y seleccione al Dr. Ron Soltero como su cirujano de preferencia.<\/p>\n<div><\/div>\n<div>\n<div><a class=\"ox-02ad355fce-enhancr_card_3328369672\" href=\"https:\/\/www.brilliantdistinctionsprogram.com\/\" target=\"_blank\" rel=\"noopener\">Brilliant Distinctions\u00ae by Allergan\u00ae<\/a><\/div>\n<\/div>\n<p>[\/vc_column_text][vc_single_image image=\u00bb1076&#8243; img_size=\u00bbfull\u00bb onclick=\u00bbcustom_link\u00bb link=\u00bbhttps:\/\/www.brilliantdistinctionsprogram.com\/FindADoctor\u00bb][vc_single_image image=\u00bb398&#8243; img_size=\u00bbmedium\u00bb css_animation=\u00bbfadeInUp\u00bb][vc_column_text el_class=\u00bbinherit\u00bb]<\/p>\n<h3><strong>\u00bfQu\u00e9 problemas est\u00e9ticos se pueden corregir con Botox?<\/strong><\/h3>\n<p>El Botox Cosmetic ataca una de las causas b\u00e1sicas en la formaci\u00f3n de arrugas: el movimiento repetido y sistem\u00e1tico de los m\u00fasculos del entrecejo y la zona de los ojos, responsables de la profundizaci\u00f3n de las arrugas de expresi\u00f3n y las famosas patas de gallo. El Botox Cosmetic relaja temporalmente el musculo donde se aplica.<\/p>\n<p>&nbsp;<\/p>\n<p>&nbsp;<\/p>\n<h3><strong>\u00bfCada cuanto tiempo se debe volver aplicar Botox?<\/strong><\/h3>\n<p>La durabilidad es de 4 meses, aunque en algunos pacientes puede ser de hasta 5 meses.[\/vc_column_text][vc_empty_space height=\u00bb48px\u00bb][\/vc_column_inner][\/vc_row_inner][vc_row_inner el_id=\u00bbthree\u00bb css=\u00bb.vc_custom_1462774503405{margin-top: 30px !important;}\u00bb][vc_column_inner][vc_column_text el_class=\u00bbinherit\u00bb css=\u00bb.vc_custom_1534260891715{margin-top: 8px !important;margin-bottom: 39px !important;}\u00bb]<\/p>\n<h3><strong>Juv\u00e9derm<\/strong><\/h3>\n<p>El Juv\u00e9derm es un relleno d\u00e9rmico de \u00e1cido hialur\u00f3nico que, a diferencia del Botox Cosmetic, su funci\u00f3n es conferir volumen a las zonas tratadas en lugar de producir una micro-par\u00e1lisis de los m\u00fasculos faciales. El objetivo del Juv\u00e9derm es eliminar surcos y arrugas menos profundas, rellenar las comisuras de los labios, conferir volumen a los mismos y delinear el contorno de la cara otorg\u00e1ndole al rostro una apariencia mas rejuvenecida.<\/p>\n<p>El Dr. Soltero se enorgullece de ser miembro del Programa Premier de Botox Brilliant Distinctions que les permite a los pacientes sumar puntos con el Dr. Soltero ahorrando a\u00edi, para futuros tratamientos de Botox y Juv\u00e9derm. Reg\u00edstrese hoy y seleccione al Dr. Ron Soltero como su cirujano de preferencia.<\/p>\n<div><\/div>\n<div><a class=\"ox-02ad355fce-enhancr_card_3328369672\" href=\"https:\/\/www.brilliantdistinctionsprogram.com\/\" target=\"_blank\" rel=\"noopener\">Brilliant Distinctions\u00ae by Allergan\u00ae<\/a><\/div>\n<p>[\/vc_column_text][vc_single_image image=\u00bb1076&#8243; img_size=\u00bbfull\u00bb onclick=\u00bbcustom_link\u00bb link=\u00bbhttps:\/\/www.brilliantdistinctionsprogram.com\/FindADoctor\u00bb][vc_gallery type=\u00bbimage_grid\u00bb images=\u00bb400&#8243; img_size=\u00bbmedium\u00bb onclick=\u00bb\u00bb css_animation=\u00bbfadeInUp\u00bb][vc_column_text el_class=\u00bbinherit\u00bb css=\u00bb.vc_custom_1534260983656{margin-top: 8px !important;margin-bottom: 39px !important;}\u00bb]<\/p>\n<h3><strong>\u00bfQue problemas est\u00e9ticos se pueden corregir con Juv\u00e9derm?<\/strong><\/h3>\n<p>El Juv\u00e9derm permite corregir marcadas l\u00edneas de expresi\u00f3n y arrugas faciales. Tambi\u00e9n se puede utilizar para aumentar el volumen de los labios. El Juv\u00e9derm se usa para dar un aspecto mas rejuvenecido haciendo que el paciente se sienta unos a\u00f1os mas joven. El Juv\u00e9derm permite eliminar o atenuar surcos nasolabiales (l\u00edneas de la sonrisa), pliegues y otro tipo de arrugas visibles en el rostro.<\/p>\n<p>&nbsp;<\/p>\n<h3><strong>\u00bfQue personas se benefician con Juv\u00e9derm?<\/strong><\/h3>\n<p>El Juv\u00e9rderm esta indicado para todos aquellos que deseen eliminar arrugas, recuperar volumen y rejuvenecer el rostro. Con el paso del tiempo la piel del rostro empieza a perder elasticidad, firmeza y volumen; lo que da lugar a un aspecto demacrado o cansado. Con la aparici\u00f3n de arrugas el paciente siente que su rostro o sus labios no tienen el volumen que sol\u00edan tener. Los resultados consisten en un aspecto mas joven y firme; y un consecuente aumento de la autoestima. Si bien esta indicado para mujeres y hombres mayores de 18 a\u00f1os, no todos son buenos candidatos, nuestras asesoras podr\u00e1n indicarle si Juv\u00e9derm es el tratamiento indicado para usted.<\/p>\n<p>&nbsp;<\/p>\n<h3><strong>\u00bfCada cuanto tiempo se debe volver aplicar Juv\u00e9derm?<\/strong><\/h3>\n<p>Al igual que el Botox Cosmetic la perdida del efecto es gradual pero generalmente la duraci\u00f3n es de 3 a 9 meses en la regi\u00f3n inferior de la cara (labios); y alrededor de 9 meses en la regi\u00f3n superior de la misma (debajo de los ojos). En promedio, el Juv\u00e9derm tiene una duraci\u00f3n de 6 a 9 meses.<\/p>\n<p><strong>\u00a0<\/strong><\/p>\n<h3><strong>Juv\u00e9derm Voluma XC<\/strong><\/h3>\n<p>[\/vc_column_text][vc_single_image image=\u00bb401&#8243; img_size=\u00bbmedium\u00bb css_animation=\u00bbfadeInUp\u00bb][vc_column_text el_class=\u00bbinherit\u00bb css=\u00bb.vc_custom_1534261162239{margin-top: 8px !important;margin-bottom: 39px !important;}\u00bb]El <strong>Juv\u00e9derm Voluma XC<\/strong> es, por excelencia, el gel preferido para los rellenos faciales debido a su eficacia para conferir volumen al rostro y cambiar su forma. A menudo es usado para proyectar determinadas zonas o recuperar el volumen perdido de las mejillas o la regi\u00f3n central de la cara. Conferir volumen en la regi\u00f3n medio facial restaura el aspecto juvenil haciendo que el rostro se vea mas angular en lugar de rectangular. Al aumentar el volumen de los p\u00f3mulos o mejillas se produce un efecto levantamiento que en algunos casos podr\u00eda llegar a suavizar los sucos nasolabiales.<\/p>\n<p>&nbsp;<\/p>\n<h3><strong>\u00bfQue problemas est\u00e9ticos se pueden corregir con Juv\u00e9derm XC?<\/strong><\/h3>\n<p>Juv\u00e9derm XC restaura el volumen juvenil en las mejillas o en la regi\u00f3n medio facial y da un estiramiento sutil al levantar los p\u00f3mulos en el rostro en las mujeres (no en los hombres).<\/p>\n<p>&nbsp;<\/p>\n<h3><strong>\u00bfQue personas se benefician con Juv\u00e9derm XC?<\/strong><\/h3>\n<p>Si bien someter a pacientes j\u00f3venes a tratamientos faciales pareciera ser muy temprano, la experiencia previa en Europa, Canad\u00e1 y otros lugares coinciden en que tratar con Juv\u00e9derm Voluma XC las se\u00f1ales del paso del tiempo cuando empiezan aparecer, puede contribuir a una apariencia mas suave y natural en dichos pacientes. Cabe destacar que este producto esta aprobado por la FDA para pacientes mayores de 21a\u00f1os.<\/p>\n<p>&nbsp;<\/p>\n<p>Juv\u00e9derm Voluma XC esta indicado para todo tipo de pieles.\u00a0 La piel oscura tiene la ventaja de envejecer o deteriorarse menos, pero todos los tipos de pieles sufren la perdida de volumen en las mejillas con el paso del tiempo.<\/p>\n<p>&nbsp;<\/p>\n<h3><strong>\u00bfCada cuanto tiempo se debe volver aplicar Juv\u00e9derm Voluma XC?<\/strong><\/h3>\n<p>La mayor\u00eda de los rellenos faciales d\u00e9rmicos duran entre 9 a 12 meses. Gracias a su formulaci\u00f3n especial, Juv\u00e9derm Voluma posee una mayor longevidad. Con un tratamiento optimo los resultados pueden durar desde 18 meses hasta dos a\u00f1os.<\/p>\n<p><strong>\u00a0<\/strong><\/p>\n<p>&nbsp;<\/p>\n<h3><strong>\u00bfCuanto es el tiempo de recuperaci\u00f3n despu\u00e9s del tratamiento de Juv\u00e9derm Voluma XC?<\/strong><\/h3>\n<p>Juv\u00e9derm Voluma XC es el \u00fanico relleno resistente y con cuerpo que brinda una restauraci\u00f3n duradera del volumen en las mejillas.\u00a0 Cuando el Juv\u00e9derm Voluma XC se inyecta en las mejillas, se lo hace sobre el hueso. Debido a la naturaleza de la zona de tratamiento (mejillas o p\u00f3mulos) con Juv\u00e9derm Voluma XC, las reacciones mas comunes dentro de los primeros siete d\u00edas son: sensibilidad o molestias, firmeza e inflamaci\u00f3n entre otras. Diferencias \u00a0de tama\u00f1o entre un p\u00f3mulo y el otro es totalmente normal luego de la inyecci\u00f3n. El nivel de inflamaci\u00f3n puede ser distinto en cada lado del rostro.<\/p>\n<p>En unas pocas semanas el Juv\u00e9derm Voluma XC se acomodar\u00e1 a su mejilla como parte natural de su rostro.[\/vc_column_text][vc_empty_space height=\u00bb48px\u00bb][\/vc_column_inner][\/vc_row_inner][\/vc_column][\/vc_row]<\/p>\n","protected":false},"excerpt":{"rendered":"<p>[vc_row][vc_column width=\u00bb1\/3&#8243; offset=\u00bbvc_hidden-sm vc_hidden-xs\u00bb][\/vc_column][vc_column width=\u00bb2\/3&#8243;][vc_row_inner el_id=\u00bbone\u00bb][vc_column_inner][vc_column_text el_class=\u00bbinherit\u00bb css=\u00bb.vc_custom_1534260704654{margin-top: 5px !important;}\u00bb] Botox y Rellenos [vc_empty_space height=\u00bb5px\u00bb] La p\u00e9rdida de col\u00e1geno y elastina forma parte del proceso natural del envejecimiento, pero hay una serie de factores que contribuyen a su disminuci\u00f3n: el estr\u00e9s, la exposici\u00f3n solar y la poluci\u00f3n son algunos de ellos. El col\u00e1geno junto con [&hellip;]<\/p>\n","protected":false},"author":1,"featured_media":0,"parent":0,"menu_order":0,"comment_status":"closed","ping_status":"closed","template":"","meta":[],"_links":{"self":[{"href":"https:\/\/www.solteromd.com\/spanish\/wp-json\/wp\/v2\/pages\/360"}],"collection":[{"href":"https:\/\/www.solteromd.com\/spanish\/wp-json\/wp\/v2\/pages"}],"about":[{"href":"https:\/\/www.solteromd.com\/spanish\/wp-json\/wp\/v2\/types\/page"}],"author":[{"embeddable":true,"href":"https:\/\/www.solteromd.com\/spanish\/wp-json\/wp\/v2\/users\/1"}],"replies":[{"embeddable":true,"href":"https:\/\/www.solteromd.com\/spanish\/wp-json\/wp\/v2\/comments?post=360"}],"version-history":[{"count":26,"href":"https:\/\/www.solteromd.com\/spanish\/wp-json\/wp\/v2\/pages\/360\/revisions"}],"predecessor-version":[{"id":1479,"href":"https:\/\/www.solteromd.com\/spanish\/wp-json\/wp\/v2\/pages\/360\/revisions\/1479"}],"wp:attachment":[{"href":"https:\/\/www.solteromd.com\/spanish\/wp-json\/wp\/v2\/media?parent=360"}],"curies":[{"name":"wp","href":"https:\/\/api.w.org\/{rel}","templated":true}]}}